 = 4*y + l. What is the tens digit of y?
3
What is the units digit of (4 - 5)/((-1)/20)?
0
Let m(f) = 2*f - 12. Let g be m(8). Suppose g*j = 2*j + 40. What is the tens digit of j?
2
Let p(a) be the second derivative of a**5/20 - a**4/12 + a**3/6 - 2*a**2 + 3*a. Let w be p(0). What is the units digit of (-408)/(-30) + w/(-10)?
4
Suppose 48*j = 42*j + 1446. What is the hundreds digit of j?
2
Suppose -5*w = -2*v - 4 - 9, 2*w - 2*v = 10. Suppose -z - 1 - w = 0. What is the units digit of (6/9)/(z/(-27))?
9
Let y(s) = s + 4. Let c be y(-5). Let v = 5 + c. Suppose 13 - 1 = 4*u, -4*u - 32 = -v*f. What is the tens digit of f?
1
Suppose 2*i + 0*r = 3*r + 3, 3*r = -4*i - 3. Suppose i = 3*d - 0 - 9. Suppose 3*s = -2*x + 24, -3*s + x + d = -4*x. What is the units digit of s?
6
Suppose -r = -2*z + 182, -3*r + 188 = 2*z - r. What is the units digit of z?
2
Suppose 3*f = -2*l - 16, -4*l = -3*f + 4*f + 22. Let h = f + 2. What is the tens digit of 15 + 6/(-2) + h?
1
Suppose -2*m - 5*z = -34, -4*m + 3*m = 2*z - 17. Let h = m + -16. What is the units digit of h?
1
Suppose -4*g + 2*k + 32 = -70, -2*g = -3*k - 57. What is the units digit of g?
4
Let j = 99 + -40. Suppose -6 = -5*s + j. What is the units digit of s?
3
What is the units digit of 8/8*74/2?
7
Suppose 5*g + 5*u = u + 585, -267 = -2*g + 5*u. What is the units digit of g?
1
Let n = -1 + 0. What is the tens digit of (n - -1)*1 - -12?
1
Let g be ((-72)/(-15))/(15/50). Suppose 4*z + 3*k - 64 = -22, -2*z = -k - g. What is the units digit of z?
9
Let m = -8 + 15. Suppose 3*t = 4*s - 91, 3*t = -3*s + m*t + 77. Let o = s + 0. What is the tens digit of o?
1
Suppose -2*f - 15 = -81. Suppose 0 = 2*v + v - f. What is the tens digit of v?
1
Suppose 5 = 2*l + 3*l. Let f(c) = -4*c**3 - l - 6*c + 5*c**3 + 0 + 3*c**2. What is the units digit of f(-4)?
7
Suppose 0 = v + 5, 0 = -5*m - 2*v + 3*v + 10. Let p = 6 + m. What is the units digit of p?
7
Let r(u) = -u**3 - 8*u**2 + u + 7. Suppose d - 24 = 4*d. Let c be r(d). What is the units digit of c*15*2/(-3)?
0
Let o(p) be the first derivative of p**3/3 + 5*p**2/2 - 2*p + 6. Suppose 3*t + 30 = -2*t. What is the units digit of o(t)?
4
Suppose 8*z - 156 = 5*z. What is the units digit of z?
2
Let k(q) = -q**3 + 6*q**2 - 9*q + 4. Let f be k(6). What is the tens digit of 30/f - (-236)/10?
2
Suppose 8*h = -268 + 860. What is the units digit of h?
4
Let r(v) = -v**2 - 10*v. Let h(m) = m**3 + 6*m**2 + 7*m + 4. Let a be h(-5). What is the tens digit of r(a)?
2
Let q = -53 + 78. What is the tens digit of q?
2
Let d(y) = y**3 - 5*y**2 + 4*y - 3. Let p be d(3). Let o = 25 + -39. Let x = p - o. What is the units digit of x?
5
Let t = 17 + -12. What is the units digit of t?
5
Let q be ((-10)/2 - -1)*-1. Let t = 9 - q. What is the units digit of t?
5
Let j be ((-304)/(-20))/(2/5). Suppose 4*l = -4*f + 3*l + 170, f = 2*l + j. What is the tens digit of f?
4
Let b be 2*(3 - 9) - -3. What is the units digit of 29/9 + 2/b?
3
Suppose f - 6*f + 4*k + 37 = 0, -2*k + 31 = 3*f. Let l be (-5*f)/3 + 1. What is the units digit of (-88)/l - (-2)/(-7)?
6
Let g = 0 + -4. What is the units digit of 2/8 + (-103)/g?
6
Let b(w) = w**2 + 5*w + 5. Let d be b(-5). Suppose -3*a - 9 = 3*x, 3*a - d = 8*a + 3*x. Suppose -g + 24 = a*g. What is the units digit of g?
8
Let a = -3 + 7. Suppose a*f - 14 = 2. What is the units digit of f?
4
Let o(m) = m + 10. Let d be o(0). Suppose -5*j + 2*g + 9 = -0, 4*g = 2*j - d. Suppose -c - j = -2*c. What is the units digit of c?
1
Suppose -22 = -4*k - 0*k + 2*a, -k - a = -7. Let i = 20 - k. What is the tens digit of i?
1
Suppose 2*f + 10 = 94. What is the tens digit of f?
4
Suppose 4*b = 3*b. Let h be 3/(-11 - -2)*b. Suppose 3*c - 11 = -3*v + 7, v + 2*c - 8 = h. What is the units digit of v?
4
Let t = 8 - 1. Let f = t + 13. What is the units digit of f?
0
Suppose b - 24 = -3*b. Let p(j) = j**2 - 3*j - 8. What is the units digit of p(b)?
0
Let c(v) = -10*v - 1. Suppose -8 = -2*i - 0. Suppose i*x + 2 = -2*q, -5*x + 3 = -3*q - 3*x. What is the units digit of c(q)?
9
Let v(i) = -2*i**2 - 12*i - 1. Let q be v(-6). Let s(l) = l**2 + l + 1. What is the units digit of s(q)?
1
Let d(l) = -l**2 + 9*l + 3. Let b be d(9). Suppose -f - 28 = -b*f. What is the units digit of f?
4
Suppose g - 4*n - 43 - 69 = 0, 0 = -5*g - 3*n + 491. What is the tens digit of g?
0
Let v be ((-42)/(-49))/(2/56). Let b = v + -6. What is the units digit of b?
8
Let d = 7 + 38. What is the tens digit of d?
4
Let o = 13 - -15. What is the tens digit of o?
2
Let t = -11 + 0. Let s = -8 - t. Suppose 0 = -3*x - 2*g + 20, x + 3*g - s + 1 = 0. What is the units digit of x?
8
Suppose -8 = -5*y + 2. Suppose 5*i - 6 = y*i. What is the units digit of i?
2
Let y(w) = -5*w**2 + 10*w**2 + 1 - 3*w**2. Let n be y(2). Let x(d) = d**2 - 6*d - 7. What is the tens digit of x(n)?
2
Suppose 5*d = 4*w + 22, -d + 2*w + 0 = -2. What is the units digit of d?
6
Let u = -104 + 149. What is the tens digit of u?
4
Let d(b) = b**3 - b**2 + 3*b - 6. What is the units digit of d(4)?
4
Let p = 23 - -136. What is the hundreds digit of p?
1
Let r(k) = k**2. Let o(d) = d**3 + 4*d**2 - 2*d - 3. Let a(p) = -o(p) + r(p). What is the tens digit of a(-4)?
1
Let u(g) = g**2 - g - 13. Let t(q) = q**2 - q - 12. Let l(i) = 4*t(i) - 3*u(i). What is the tens digit of l(-5)?
2
Let h = -7 - -6. Let v = 13 + h. What is the units digit of v?
2
What is the tens digit of 4705/50 - (-4)/(-40)?
9
Suppose s + 20 = -s. Let c = 17 + s. Suppose -5*w + 86 = 2*o, -2*w + 3*o = -c*w + 89. What is the units digit of w?
6
Let v be (-4)/3*(-3)/2. Suppose -v*m + 5*l - 4 = 0, -2*m - l = -5*m + 20. What is the units digit of m?
8
Let f be (-1 - -4 - 2)*-20. What is the tens digit of -1*(3 + f)*1?
1
Let b(y) = -y**3 + 9*y**2 - 4*y - 2. What is the tens digit of b(8)?
3
Let d(f) = 82*f. Let w be d(1). Suppose 0 = -4*k + 5*j + 136, -2*k + 4*k - w = -j. What is the tens digit of k?
3
Suppose -t = -15 - 17. What is the tens digit of 1 + 0 + t/2?
1
What is the hundreds digit of ((-990)/12)/((-1)/2)?
1
Let n(o) be the third derivative of o**6/120 + 11*o**5/60 + o**4/3 - 5*o**3/3 - 4*o**2. What is the units digit of n(-10)?
0
Suppose 3*d - 45 = -2*o - 2*o, -2*d = -o - 19. What is the tens digit of d?
1
Suppose -4 = -2*q + 6. Suppose s - 13 = -0*s + 3*w, q = w. What is the units digit of s?
8
Suppose -u - 3 = 3*l + 2, -11 = -2*u + l. Suppose -31 = -u*h + 13. What is the tens digit of h?
1
Let n = 139 - 20. What is the tens digit of n?
1
Suppose -2*y + 2 = -z, y - 8 = -3*y. Let p(b) = 7. Let u(m) = -m + 6. Let h(x) = 4*p(x) - 5*u(x). What is the units digit of h(z)?
8
Let y(a) = 3*a + 9. Let j be y(-7). Let m = 15 + j. What is the units digit of m?
3
Let y(v) = -v. What is the units digit of y(-7)?
7
Let v(s) = 4*s**3 - 2*s**3 - 3*s + 2*s. Let r be (-12)/8*(-2)/3. What is the units digit of v(r)?
1
Let t(p) = p - 5. Let l be t(0). Let m be (-6)/2*(-1 + -6). Let q = l + m. What is the units digit of q?
6
Let q(i) = 3*i + 9. What is the tens digit of q(8)?
3
Let c = 16 - -48. What is the tens digit of c?
6
Let d = 5 + -3. Suppose 0 = 3*r - v - d*v - 81, 4*v = 5*r - 132. Suppose 0*w - r = -4*w. What is the units digit of w?
6
Suppose b - 123 = -4*a - 2*b, 0 = 3*a + 4*b - 94. Suppose a = 5*d - 20. What is the tens digit of d?
1
Let u = -10 + 4. Let m be 4*(-3)/u + -12. Let l = m + 15. What is the units digit of l?
5
Let a(s) = -14*s + 7*s + 10*s. What is the units digit of a(2)?
6
Let a be -6*1/(-2)*1. Suppose i = -a*i + 12. Let r = i - 1. What is the units digit of r?
2
Suppose a = z, -4*z + 8 = -a - 1. Let g(n) = -n**3 + 5*n**2 - 3*n - 4. What is the units digit of g(a)?
5
Let t = -4 - -59. What is the units digit of t?
5
Let z(r) = r**2 - r + 7. What is the units digit of z(-3)?
9
Let g be (8/(-12))/(2/(-15)). Suppose -5*a = g + 5, -53 = -3*t + 4*a. What is the units digit of t?
5
Suppose x + x - 12 = 0. Suppose -f + 4*f = x. Let q = 10 - f. What is the units digit of q?
8
Suppose 10 = -4*o + 2*z, 2*o + z = -o - 5. Let t = o + 3. Let q = 5 - t. What is the units digit of q?
4
Suppose 0 = -0*p + 3*p + 381. Let q = p - -87. Let w = -27 - q. What is the tens digit of w?
1
Suppose 0 = -x - 2*d + 130, 4*d + 423 = 3*x - d. What is the tens digit of x?
3
Let m(y) = 35*y**2 + 4*y + 5. What is the uni